is the remainder when 16/(-40) - 314/(-10) is divided by h?
9
Let c = -21 + 35. What is the remainder when c is divided by 2?
0
Let g be 2/(-1)*5/10. Calculate the remainder when 3 + -3 + g + 22 is divided by 11.
10
Let b(q) = -4*q - 7*q + 3*q + 10 - q**2. Let v = 85 - 46. What is the remainder when v is divided by b(-8)?
9
What is the remainder when 11 is divided by (6/9)/((-5)/(-45))?
5
Let c be (9/3)/((-1)/7). What is the remainder when 31 is divided by (-2)/(-6) + (-224)/c?
9
Let o(y) = 5*y - 21. What is the remainder when o(12) is divided by 20?
19
Let y(t) = 12*t - 1. Calculate the remainder when 63 is divided by y(1).
8
Suppose 0 = -0*h + 3*h + 24. Calculate the remainder when 13 is divided by 3/1 - (4 + h).
6
Calculate the remainder when 40 is divided by 14/(-3)*18/(-4).
19
Suppose 3 + 1 = q. Let c = q + 17. What is the remainder when c is divided by 8?
5
Suppose 8*l - 401 = -25. Calculate the remainder when 92 is divided by l.
45
Let v(h) = -h**3 - h**2 + 3. Let o be v(0). Suppose u + o*u = 2*y - 20, -2*y - 5*u = 7. Calculate the remainder when y is divided by 2.
0
Let z(a) = -a**2 - 3*a + 38. Calculate the remainder when 80 is divided by z(-5).
24
Suppose w + 4*x = x + 29, 0 = 2*w - 2*x - 18. Suppose -5*a + 184 = 4*m, -5*a = 5*m - 26 - 154. What is the remainder when a is divided by w?
12
What is the remainder when 18 is divided by 2*(-3 + (-126)/(-12))?
3
Let k(u) be the first derivative of -2 - 5/4*u**4 - u**3 - u**2 + 2*u. What is the remainder when k(-2) is divided by 18?
16
Let c = 0 - -6. Let u(d) = d**2 - 4*d + 9. Suppose -620 = -8*x - 2*x. What is the remainder when x is divided by u(c)?
20
Suppose 0 = 3*w + 3*h - 48, -22 = -w - 2*h - 1. Calculate the remainder when 52 is divided by w.
8
Let d = 12 + -10. What is the remainder when d is divided by 2?
0
Let r be (-4)/(-6) + (-19)/(-3). Suppose -4*n - 4*g = -r*g - 395, -280 = -3*n - g. Let s = -19 + n. What is the remainder when s is divided by 26?
24
Let j(r) = r**3 + 7*r**2 - 4*r + 2. What is the remainder when 57 is divided by j(-7)?
27
Let h = 60 - 36. Let i(j) = 8*j**2 + 3*j + 5. Let o be i(-5). Suppose n + 0*n = -5*r + 56, 4*n + 3*r - o = 0. Calculate the remainder when n is divided by h.
22
Let b = 20 - 5. Suppose d + b = 3*d + j, -3*j = 2*d - 21. Suppose 0 = -f + 3 + d. What is the remainder when 26 is divided by f?
8
Suppose 0 = 4*y - 0 - 24. Let r(v) = v**2 + 3*v - 8. What is the remainder when r(-6) is divided by y?
4
Calculate the remainder when 122 is divided by (3 - 102/36)*246.
40
Let g(r) = r**2 + 6*r + 3. Calculate the remainder when g(7) is divided by 24.
22
Suppose -4*f - 5*h = -344, -4*f + 3*h + 467 = f. Calculate the remainder when f is divided by 32.
27
Suppose 0 = 5*z + 23 - 198. What is the remainder when z is divided by 9?
8
Let l(y) = 3*y**2 + 8*y + 3. Calculate the remainder when l(-5) is divided by 10.
8
Let d(q) = q**2 + 5*q + 3. Calculate the remainder when d(6) is divided by 18.
15
Let b(u) = -u + 23. What is the remainder when 55 is divided by b(8)?
10
Let b = 330 + -179. What is the remainder when b is divided by 17?
15
Suppose 48 = 15*h - 11*h. Calculate the remainder when 23 is divided by h.
11
Suppose -31 + 77 = q. Suppose 2*x - q = -0*x. Calculate the remainder when 68 is divided by x.
22
Suppose 3*s = -2*s + 75. Calculate the remainder when 27 is divided by s.
12
Suppose o = -4*y + 3*o + 8, 5*y + 2*o = 1. What is the remainder when 4 is divided by y?
0
Let k = 5 - 0. Suppose k*q - x = 3*x + 50, 0 = x + 5. What is the remainder when 11 is divided by q?
5
What is the remainder when (-570)/(-21) + -2 + (-6)/42 is divided by 15?
10
Let p = 0 + 6. Suppose -9 = -p*d + 3*d. Let w(z) = -z + 7. What is the remainder when d is divided by w(5)?
1
Suppose 2*k + 5*i + 6 = 0, 0 = -2*k + 4*i - 2*i + 22. Calculate the remainder when 25 is divided by k.
4
Suppose 103*n - 120 = 98*n. What is the remainder when n is divided by 9?
6
Suppose -3*p - 3*i - 3 = -6*i, 4*p - i - 5 = 0. What is the remainder when 5 is divided by p?
1
Let y = 36 + -21. Let f(r) = -5*r - 16. What is the remainder when y is divided by f(-5)?
6
Let j = -17 - -24. Suppose -2*x + x + 9 = 0. Let n(y) = y**3 - 8*y**2 - 8*y - 4. What is the remainder when j is divided by n(x)?
2
Let q = 57 + -34. What is the remainder when q is divided by 26*(-2)/(-8)*2?
10
Let u(q) = 2*q**3 - 4*q**2 - 3*q. What is the remainder when u(4) is divided by 11?
8
Suppose 4*l - 39 = -0*l + z, -15 = -2*l - z. Suppose -2*h = 3*n - 31, 3 = 3*h + n - 54. What is the remainder when h is divided by 3/l + 40/6?
6
Suppose v - 2*d - 3*d - 22 = 0, 0 = -2*v - 2*d - 16. Let s(p) = 2*p**2 + 2*p + 3. What is the remainder when 28 is divided by s(v)?
13
Let n = 59 - 41. Let y(p) = -p**3 - 4*p**2 + 4*p + 1. Let g be y(-5). Calculate the remainder when n is divided by 4*15/g + 0.
8
Let n = 203 - 175. What is the remainder when n is divided by -1 - 34/(-4)*2?
12
Suppose -3*z + 158 = 2*z - 4*s, 2*z + 5*s - 83 = 0. What is the remainder when 132 is divided by z?
30
Suppose 11 = -3*d - 46. Let a = -14 - d. What is the remainder when 17 is divided by a?
2
Let k be 5/(10/(-32)) - -2. Let x = 8 + k. What is the remainder when 32 is divided by 101/9 + x/27?
10
Let a = -1 + 2. Calculate the remainder when 26 is divided by (-2)/a*(-21)/6.
5
Let m(q) be the third derivative of -q**4/4 - q**3/6 - 3*q**2. What is the remainder when 32 is divided by m(-2)?
10
Suppose -2*s = -3*s + 4. What is the remainder when 9 is divided by -1 + -1 + (10 - s)?
1
Let j(z) = -z**3 - 7*z**2 - 5*z + 7. Let t be j(-6). What is the remainder when (-264)/(-11) + t*3 is divided by 15?
12
Suppose -6*r = -0*r - 192. Calculate the remainder when 60 is divided by r.
28
Suppose 3*t - 5 = -2*h, t = 5*t + 3*h - 7. What is the remainder when 965/35 + 3/7 is divided by (2 - t)/((-2)/(-30))?
13
Let p = -44 - -58. Suppose 53 = 2*y - 5*z, -3*y + z + 73 = -y. What is the remainder when y is divided by p?
11
Let s(m) = -m**2 - 5*m - 2. What is the remainder when 15 is divided by s(-3)?
3
Let y(q) be the first derivative of q**2/2 + q + 3. What is the remainder when 14 is divided by y(3)?
2
Suppose 0*q + q = 27. Suppose 0 = -4*n + 4*x + 40, -3*n + 4*x = 5 - 35. Calculate the remainder when q is divided by n.
7
Suppose -3*u - 4*d + 9 + 70 = 0, -2*u + 5*d + 22 = 0. Let b = -76 - -87. What is the remainder when u is divided by b?
10
Let b = 0 + 0. Let k = 18 - 11. Calculate the remainder when 54/3 - (-1 + b) is divided by k.
5
Suppose 3 = s + 1. Suppose 2*u = 3 - 9. Let q = u - -8. What is the remainder when q is divided by s?
1
Let a(g) = g**2 + 7*g + 3. Let t be a(-6). Let d(l) = -l**2 - 3*l + 4. Calculate the remainder when 5 is divided by d(t).
1
Let o = 6 + -4. Suppose 0 = -o*z - 4*j + 2*j - 2, -4*z = -j - 21. Suppose -3*k + z = -k. Calculate the remainder when 3 is divided by k.
1
Let n(h) = -22*h + 2. Let y be n(-5). Suppose b + 28 = -2*f + y, 2 = b. Calculate the remainder when f is divided by 14.
13
Let q(o) = -o**3 + 8*o**2 - 6*o + 2. Calculate the remainder when q(7) is divided by 6.
3
Suppose 15*b + 54 = 18*b. What is the remainder when b is divided by 10?
8
Suppose -t - 17*t = -378. Calculate the remainder when t is divided by 11.
10
What is the remainder when 1*(5 - -36 - 0) is divided by 4?
1
Let l = 18 + -12. Suppose -l + 16 = 5*v. Suppose 2*n + 2 = 12. What is the remainder when n is divided by v?
1
Let l = 74 + -41. What is the remainder when l is divided by 7?
5
Suppose -i - 4*t + 19 + 24 = 0, -2*i + 77 = 5*t. Let c = 24 - 13. What is the remainder when i is divided by c?
9
Suppose -8*a = -3*a - 10, -3*h + 49 = -4*a. Let g(y) = y + 13. What is the remainder when h is divided by g(-3)?
9
Let h = -204 - -235. Calculate the remainder when h is divided by 17.
14
Let n be (-2)/(-4) - (-18)/4. Let v(y) = y**3 - 4*y**2 - 2*y + 6. What is the remainder when v(n) is divided by 7 - 0 - (1 - 0)?
3
Suppose -2*w + 3*t = -76, 12 = -t + 4*t. What is the remainder when w is divided by (-219)/(-15) - (-2)/5?
14
Suppose 2*a - 8 = -0*a. What is the remainder when 13 is divided by a?
1
What is the remainder when 6 is divided by 2*(-3 - (-18)/4)?
0
Suppose 0 = -2*c + 5*i + 612, -2*i - 236 - 1336 = -5*c. Let o be c/(-10) + 2/(-5). Calculate the remainder when (-2)/((2/o)/1) is divide